 o(f) = -3*g(f) + j(f). Let w = 0 + -7. Determine o(w).
0
Let f(u) = u**2 - u - 13. Let i(k) = -2*k**2 + 15. Let b(l) = 5*f(l) + 4*i(l). Give b(-2).
-7
Let x(t) = t**2 + t - 1. Let o = -115 - -120. Suppose 0 = -b + 4*m + 18, -4*b - o*m - 16 = -2*b. What is x(b)?
5
Let n(a) = a**2 - 4 + 32 + 2*a - 8 - 10*a - 9. Suppose -31 = -3*s - 5*r, -6*r = -3*s - 2*r + 13. Give n(s).
4
Let u(q) = -7*q**3 + 12*q**2 - 8*q - 12. Let r(b) = -2*b**3 - b**2 - 2*b - 2. Let a(h) = 4*r(h) - u(h). Calculate a(-16).
4
Suppose 2*d + 3*i + 1 = 0, 2*i = 3*d + 6*i. Let o(n) = -n**3 + 4*n**2 + 2*n. Give o(d).
8
Let s(h) = 0 - 1 - h + 2*h. Let k be (10 + 55/11)*2/(-3). Let x be 1/(-5)*(k - (-5 + 0)). Calculate s(x).
0
Let x(j) = j**2 - 7*j - 1. Suppose 4*w + n = 29, 19*w - 2*n = 22*w - 23. Give x(w).
-1
Let u(y) be the first derivative of -6*y**2 + 7*y - 267. What is u(5)?
-53
Let z = 6 - 2. Suppose -s - 2 + z = 0. Let g(j) = j**2 - 6 + 0 + s*j - 2*j. Give g(0).
-6
Let m(r) be the second derivative of r**5/20 - r**4/12 + r**3/2 - r**2 - 145*r. Calculate m(2).
8
Let j(r) = -2*r**2 - 9*r - 7. Suppose -2*d + 9 = 3*k, 23*d - 18*d = 3*k - 30. What is j(d)?
2
Let a(w) = 225*w + 1 - 226*w - 3. Let t be (-18)/(-5) - (-8)/20. Determine a(t).
-6
Let z(n) = -n**3 + 7*n**2 + n - 6. Let a = -61 + 61. Suppose a = 14*o - 9*o - 35. Determine z(o).
1
Let f(n) = n - 2. Let m(s) = -1. Let h(y) = -2*f(y) - 6*m(y). Determine h(3).
4
Let w(p) = 129 - 129 + 2*p. Let c = -10 - -18. Calculate w(c).
16
Let d(h) = 14*h**2 + 760*h - 762*h + 2*h**2 - 14 + 2*h**3. Give d(-8).
2
Let q(t) = -13*t**2 - 9*t + 9. Let o(z) be the first derivative of z**3 + z**2 - 2*z + 4. Let f(u) = 9*o(u) + 2*q(u). Calculate f(3).
9
Let j(y) = y**3 - y**2 - 41*y - 8. Let n be j(7). Let i(s) = 3*s**2 + 2. What is i(n)?
5
Let v = 6 + -5. Let x(y) = 3*y + 0*y + y - 1. Let i(j) = 8*j - 2. Let t(h) = -6*i(h) + 11*x(h). Calculate t(v).
-3
Let h(v) = 5*v**2 - 10*v. Let x(z) = 6*z**2 - 14*z. Let j(o) = 5*h(o) - 4*x(o). What is j(-4)?
-8
Suppose -4*p = 4*u + 8, 0 = 6*u - u - 2*p - 25. Let h(j) = 5*j + 2*j**u - j**3 - 1 - 4 + 6*j**2. Suppose -35 = 2*c + 5*c. What is h(c)?
-5
Let u(r) be the first derivative of -r**2/2 + 2*r + 297. Calculate u(7).
-5
Let s(j) be the first derivative of j**2 - 8. Let u(a) = -a. Let b(i) = -3*s(i) - 7*u(i). Determine b(4).
4
Suppose -5*i + 30 = -f, -f + 2*i - 28 = -13. Let t(v) = v**2 + 5*v + 3. Let a be t(f). Suppose -12 = -h + a*h. Let k(c) = 3*c + 5. What is k(h)?
-13
Let x(l) = -l - 13. Let z = 13 - 9. Suppose 0*v = -z*v - 24. Let i(y) = -6. Let n(p) = v*x(p) + 13*i(p). Give n(1).
6
Let m(s) = -17 - 6*s - s**2 - s - 7*s + 6*s**2. Let l(n) = 3*n**2 - 7*n - 9. Let d(g) = -7*l(g) + 4*m(g). Give d(-7).
-5
Let l(d) be the first derivative of -d**2 - 8*d - 2. Let g(s) = -s**3 + 4*s**2 + 4*s - 2. Suppose 15 = -0*f + 3*f. Let w be g(f). Give l(w).
6
Let c be -7*1*(-1 - -2). Let f(j) = -j - 11*j**2 - 1 + 4 + 6*j**3 - 11*j**3. Let p(i) = 4*i**3 + 10*i**2 + i - 2. Let z(y) = 3*f(y) + 4*p(y). What is z(c)?
-6
Suppose -2*i = 3*j + 2 - 9, -i = 2*j - 3. Let d(s) = s**3 - 3 - 2*s**3 + 66109*s - 66102*s + 4*s**2. Determine d(i).
7
Let n be (-3)/1 - (-3 + -4). Let b be 6/n*30/9. Let y(s) = 1 - 4*s + 4 + b*s. Determine y(-4).
1
Let t = -167 - -274. Let z = t - 105. Let k(o) = 11*o**2 - 7*o - 11. Let c(n) = 5*n**2 - 3*n - 5. Let p(i) = -13*c(i) + 6*k(i). Give p(z).
-3
Let v be ((-30)/1)/2*(-81)/135. Let c(x) = 3*x - 12. Give c(v).
15
Let b(g) = -g**2 + g - 3. Suppose 4*w = -5*c - 19, 0*c - c = 5*w + 8. Let j be w/(-3)*(8 + 1). Calculate b(j).
-9
Suppose 6*m = 46 - 22. Let n(y) = 4*y - 8. What is n(m)?
8
Let m(l) = -l**3 + 12*l**2 - 10*l - 13. Suppose 11*g = 8*g + 4*i + 53, 4*i = -4*g + 24. What is m(g)?
-2
Let s(m) = 15*m - 32. Let l(t) = -2*t + 4. Let f(j) = 6*l(j) + s(j). Determine f(2).
-2
Suppose 4*l + y - 28 = 0, -6*l - 3*y = -8*l. Let r(h) = -h**2 + 4*h - 8. Calculate r(l).
-20
Let f(g) = -g + 1. Let i(k) = k**2 - k + 7. Suppose -2*u + 10 = y, -3*y + 3*u + 15 = 4*u. Suppose -d + 5 = y*d. Let t(z) = d*i(z) - 4*f(z). Calculate t(-2).
1
Let a(w) = -2*w**3 + 2*w**2 - 1. Let u(j) = 4*j**2 - j - 1. Let h be u(-1). Suppose -m = -y + 7 - h, 3*y + 4*m = 2. Calculate a(y).
-9
Suppose -3*g + 30 = -8*g. Let t(m) be the first derivative of -45*m**2/2 + 55*m - 11. Let l(d) = 5*d - 6. Let y(a) = g*t(a) - 55*l(a). Calculate y(1).
-5
Let w(z) be the third derivative of -z**5/60 - 5*z**4/24 - z**3/3 - 240*z**2. Let p = -1 + -2. Let f be p - (1 - (1 + -1)). What is w(f)?
2
Let y(b) = -17*b**3 - b**2 + b - 1. Let k = 696 - 695. Give y(k).
-18
Let a(i) = 3*i**3 + 14*i**2 + 5*i + 1. Let u(t) = -8*t**3 - 41*t**2 - 14*t - 2. Let z(x) = -11*a(x) - 4*u(x). Calculate z(10).
7
Let m = -21 + 15. Let h(a) = 170 + 160 + 3*a - 322. Give h(m).
-10
Let h(n) = 7*n + 7. Let c(a) = 5*a + 8. Let q(w) = 4*c(w) - 3*h(w). Determine q(0).
11
Suppose -3*t - 14 = -10*p + 12*p, 0 = -2*t - 2*p - 12. Let b(n) = n**3 + 3*n**2 + 3*n + 1. Calculate b(t).
-1
Let k = 15 + -13. Let g be 35/(-30) - k/(-12). Let o(s) = 7*s**2 + s. Determine o(g).
6
Let f(y) = -8*y - 1. Suppose w + 17 = -o + 5*o, 5*w + 3*o - 30 = 0. Suppose 0*v = -4*r - w*v - 20, 3*v + 10 = r. Give f(r).
15
Let y(r) = 5*r**3 + 11*r**2 + 11*r + 13. Let l(b) = -b**3 - 1. Let k(c) = 4*l(c) + y(c). Calculate k(-10).
-1
Let v(k) = -k**2 + 4*k - 4. Let q be (-9)/6 + (-9)/(-6). Let m be 4 + -1*q/5. Determine v(m).
-4
Let f(m) = 3*m - 3. Let n(z) = 2*z - 1. Let p(t) = -3*f(t) + 5*n(t). Suppose -3*r + 5 = -19. Suppose 3*q - 8 = -5*v - 0, q = v + r. Determine p(q).
10
Let b(t) = -3*t + 57. Let z(x) = x**3 - 23*x**2 + x - 6. Let r be z(23). Let m be b(r). Let y(a) = a**3 - 7*a**2 + 6*a - 3. Calculate y(m).
-3
Let k(u) be the second derivative of 4*u + 1/12*u**4 + 2*u**2 + 0*u**3 + 0. What is k(0)?
4
Let z(h) = -28*h**3 + 8*h**2 + 8*h - 8. Let b(g) = -19*g**3 + 5*g**2 + 5*g - 5. Let x(l) = -8*b(l) + 5*z(l). Let v be (-5)/(-3) + (-18)/27. Calculate x(v).
12
Suppose -3*r - r = 0. Let a(d) be the third derivative of d**5/60 - d**4/24 - d**3/3 - 3*d**2 + 10. What is a(r)?
-2
Let l(t) be the second derivative of t**3/6 - 19*t**2/2 - 426*t. What is l(17)?
-2
Let m(h) = -6*h**2 + 3013*h**3 - 4 - 5*h - 3014*h**3 + 0*h. Let b be 91/(-21) + (-2)/3. What is m(b)?
-4
Let x(o) = 16*o + 27. Let y(s) = -s - 5. Let w(q) = x(q) + 3*y(q). Give w(-2).
-14
Let a(h) = 17 - 5*h - 9 - 4 - h**2 + 3*h. What is a(-3)?
1
Let x(u) = 15*u**3 - 2*u**2 + u. Let v(r) = -r**3 + 3*r**2 - 4*r + 33. Let c be v(4). Calculate x(c).
14
Let i(v) = -v**2 + 2*v + 3. Let n be i(3). Let o(p) = -p**3 + p**2 - 9. Give o(n).
-9
Let m(l) = 7*l + 4. Suppose 2*s = -5*f - 7, 2*f - 9 = -2*s - 7. What is m(f)?
-17
Suppose 0 = 3*b + 4*p + 34, -11*b - 5*p = -7*b + 47. Let u(c) = c**3 + 17*c**2 - 18*c + 6. Give u(b).
6
Let v(o) be the first derivative of o**5/4 + o**3/6 + o - 12. Let i(g) be the first derivative of v(g). Give i(-1).
-6
Let k be (-37)/(-7) + ((-90)/35)/9. Suppose k*d + 3*v = 9, 6 = 2*d + 6*v - 4*v. Let w(x) = x + 5. What is w(d)?
5
Let r(w) = -w**3 - 7*w**2 - 7*w. Let l(v) = 2*v**2 - 10*v - 18. Let z be (5/(-10))/((-1)/12). Let b be l(z). Determine r(b).
6
Let n(d) = d**2 + 6*d - 27. Let z be (243/(-9) - -8) + 10. What is n(z)?
0
Let x(h) = -h**3 + 7*h**2 - 6*h - 2. Suppose 4*q + 4*r = 2*r + 10, -4*q = -5*r - 45. Calculate x(q).
18
Let j(w) be the third derivative of w**3/6 - 2*w**2. Let b(q) = -q**2 - 5*q - 3. Suppose 0 = -6*c + 4*c + 10. Let n(i) = c*j(i) + b(i). Give n(-4).
6
Let g(z) = -z**3 - 5*z**2 + 2*z - 3. Let w be (-1*(-1)/(-3))/(1/15). Determine g(w).
-13
Let f(n) be the second derivative of -n**3/6 + 11*n**2/2 + n - 157. Give f(12).
-1
Suppose 0 = 19*r + 57 + 152. Let q(k) = k**3 + 11*k**2 + k + 16. What is q(r)?
5
Let c = -1 - -1. Let w(q) = 6*q + 3 + c - 1 - q**2. Let y = -26 + 31. Calculate w(y).
7
Let j be (-684)/(-14) - (-4)/28. Let n(h) = -48*h - 1 + 7 + j*h. Give n(-4).
2
Let v(y) = -20*y**2 - 74*y - 103. Let x(f) = 7*f**2 + 25*f + 34. Let i(t) = -6*v(t) - 17*x(t). Determine i(-16).
-8
Let f = -1 + -25. Let a = 5 - 33. Let k = f - a. Let b(y) = -y**2 + 5*y - 1. Determine b(k).
5
Let b(y) = -1 + 0*y**2 + 4*y + 2 + y**2. Suppose 0 = -6*a + 15*a - 189. Suppose 3 = -4*g - a. Calculate b(g).
13
Let n(y) = -2*y**2 - 79*y + 32. Let o be